1.
31, 41
List the prime factors of 81.
3
List the prime factors of 6842.
2, 11, 311
What are the prime factors of 3500?
2, 5, 7
What are the prime factors of 46?
2, 23
List the prime factors of 67209.
3, 43, 521
What are the prime factors of 42278?
2, 21139
What are the prime factors of 51424?
2, 1607
List the prime factors of 3612.
2, 3, 7, 43
What are the prime factors of 6144?
2, 3
What are the prime factors of 77539?
7, 11, 19, 53
List the prime factors of 9021.
3, 31, 97
List the prime factors of 3639.
3, 1213
List the prime factors of 7916.
2, 1979
List the prime factors of 4601.
43, 107
What are the prime factors of 879?
3, 293
List the prime factors of 1655.
5, 331
List the prime factors of 874.
2, 19, 23
List the prime factors of 7115.
5, 1423
What are the prime factors of 1138?
2, 569
List the prime factors of 4357.
4357
List the prime factors of 734.
2, 367
What are the prime factors of 94931?
59, 1609
List the prime factors of 43558.
2, 29, 751
List the prime factors of 43441.
43441
What are the prime factors of 35596?
2, 11, 809
What are the prime factors of 9956?
2, 19, 131
What are the prime factors of 29093?
47, 619
What are the prime factors of 63?
3, 7
What are the prime factors of 49248?
2, 3, 19
What are the prime factors of 19628?
2, 7, 701
List the prime factors of 2589.
3, 863
List the prime factors of 3132.
2, 3, 29
What are the prime factors of 2626?
2, 13, 101
List the prime factors of 308.
2, 7, 11
List the prime factors of 13621.
53, 257
What are the prime factors of 4711?
7, 673
List the prime factors of 27241.
27241
What are the prime factors of 35?
5, 7
List the prime factors of 7800.
2, 3, 5, 13
What are the prime factors of 22290?
2, 3, 5, 743
What are the prime factors of 1325?
5, 53
List the prime factors of 7874.
2, 31, 127
What are the prime factors of 51939?
3, 29, 199
What are the prime factors of 9747?
3, 19
What are the prime factors of 50360?
2, 5, 1259
What are the prime factors of 12334?
2, 7, 881
List the prime factors of 5610.
2, 3, 5, 11, 17
List the prime factors of 3093.
3, 1031
What are the prime factors of 350?
2, 5, 7
What are the prime factors of 45180?
2, 3, 5, 251
What are the prime factors of 36326?
2, 41, 443
What are the prime factors of 13556?
2, 3389
What are the prime factors of 1016?
2, 127
What are the prime factors of 47006?
2, 19, 1237
What are the prime factors of 2726?
2, 29, 47
List the prime factors of 581.
7, 83
List the prime factors of 925.
5, 37
List the prime factors of 29309.
7, 53, 79
What are the prime factors of 122798?
2, 13, 4723
List the prime factors of 16777.
19, 883
What are the prime factors of 56259?
3, 7, 19, 47
What are the prime factors of 726?
2, 3, 11
What are the prime factors of 27815?
5, 5563
List the prime factors of 165578.
2, 7, 11827
List the prime factors of 6239.
17, 367
List the prime factors of 4272.
2, 3, 89
List the prime factors of 162.
2, 3
What are the prime factors of 638?
2, 11, 29
List the prime factors of 6632.
2, 829
What are the prime factors of 14884?
2, 61
List the prime factors of 38968.
2, 4871
What are the prime factors of 8017?
8017
What are the prime factors of 59788?
2, 14947
List the prime factors of 21027.
3, 43, 163
What are the prime factors of 17702?
2, 53, 167
What are the prime factors of 938?
2, 7, 67
What are the prime factors of 73561?
73561
What are the prime factors of 4026?
2, 3, 11, 61
List the prime factors of 141904.
2, 7, 181
List the prime factors of 30045.
3, 5, 2003
What are the prime factors of 472?
2, 59
List the prime factors of 15832.
2, 1979
List the prime factors of 27206.
2, 61, 223
What are the prime factors of 3492?
2, 3, 97
What are the prime factors of 7456?
2, 233
What are the prime factors of 14937?
3, 13, 383
List the prime factors of 692.
2, 173
List the prime factors of 5658.
2, 3, 23, 41
List the prime factors of 14967.
3, 1663
What are the prime factors of 6990?
2, 3, 5, 233
List the prime factors of 271.
271
List the prime factors of 245.
5, 7
What are the prime factors of 8366?
2, 47, 89
List the prime factors of 20772.
2, 3, 577
List the prime factors of 49476.
2, 3, 7, 19, 31
List the prime factors of 59556.
2, 3, 7, 709
What are the prime factors of 1280?
2, 5
List the prime factors of 775.
5, 31
List the prime factors of 9391.
9391
What are the prime factors of 6084?
2, 3, 13
List the prime factors of 4292.
2, 29, 37
What are the prime factors of 5353?
53, 101
What are the prime factors of 13061?
37, 353
List the prime factors of 65343.
3, 23, 947
List the prime factors of 861.
3, 7, 41
List the prime factors of 11446.
2, 59, 97
List the prime factors of 155.
5, 31
List the prime factors of 483.
3, 7, 23
List the prime factors of 10935.
3, 5
List the prime factors of 9846.
2, 3, 547
List the prime factors of 3369.
3, 1123
What are the prime factors of 5322?
2, 3, 887
List the prime factors of 4430.
2, 5, 443
What are the prime factors of 4421?
4421
What are the prime factors of 105642?
2, 3, 5869
List the prime factors of 589.
19, 31
List the prime factors of 5467.
7, 11, 71
List the prime factors of 4182.
2, 3, 17, 41
List the prime factors of 745.
5, 149
List the prime factors of 3215.
5, 643
What are the prime factors of 59587?
11, 5417
What are the prime factors of 262?
2, 131
What are the prime factors of 791?
7, 113
What are the prime factors of 13492?
2, 3373
List the prime factors of 17741.
113, 157
What are the prime factors of 7554?
2, 3, 1259
List the prime factors of 629.
17, 37
What are the prime factors of 258?
2, 3, 43
What are the prime factors of 14780?
2, 5, 739
What are the prime factors of 17872?
2, 1117
List the prime factors of 51700.
2, 5, 11, 47
List the prime factors of 988.
2, 13, 19
What are the prime factors of 15024?
2, 3, 313
List the prime factors of 10621.
13, 19, 43
What are the prime factors of 10489?
17, 617
List the prime factors of 37600.
2, 5, 47
List the prime factors of 50841.
3, 7, 269
What are the prime factors of 35491?
35491
What are the prime factors of 124508?
2, 17, 1831
List the prime factors of 101748.
2, 3, 61, 139
List the prime factors of 2009.
7, 41
List the prime factors of 328.
2, 41
List the prime factors of 15833.
71, 223
What are the prime factors of 23088?
2, 3, 13, 37
What are the prime factors of 25080?
2, 3, 5, 11, 19
What are the prime factors of 6230?
2, 5, 7, 89
What are the prime factors of 242?
2, 11
What are the prime factors of 12134?
2, 6067
List the prime factors of 203.
7, 29
What are the prime factors of 896?
2, 7
List the prime factors of 7880.
2, 5, 197
What are the prime factors of 4679?
4679
List the prime factors of 9580.
2, 5, 479
What are the prime factors of 2287?
2287
What are the prime factors of 940?
2, 5, 47
What are the prime factors of 4460?
2, 5, 223
List the prime factors of 2084.
2, 521
What are the prime factors of 13467?
3, 67
List the prime factors of 3431.
47, 73
List the prime factors of 766.
2, 383
What are the prime factors of 19060?
2, 5, 953
List the prime factors of 11799.
3, 19, 23
What are the prime factors of 8743?
7, 1249
List the prime factors of 11253.
3, 11, 31
What are the prime factors of 450?
2, 3, 5
What are the prime factors of 9831?
3, 29, 113
List the prime factors of 33296.
2, 2081
What are the prime factors of 59008?
2, 461
What are the prime factors of 151?
151
What are the prime factors of 469?
7, 67
What are the prime factors of 37866?
2, 3, 6311
List the prime factors of 49448.
2, 7, 883
What are the prime factors of 1608?
2, 3, 67
List the prime factors of 5404.
2, 7, 193
What are the prime factors of 31788?
2, 3, 883
List the prime factors of 1205.
5, 241
List the prime factors of 173919.
3, 57973
What are the prime factors of 97342?
2, 7, 17, 409
What are the prime factors of 161519?
19, 8501
List the prime factors of 36649.
67, 547
What are the prime factors of 7081?
73, 97
List the prime factors of 1239.
3, 7, 59
What are the prime factors of 2721?
3, 907
What are the prime factors of 4405?
5, 881
List the prime factors of 20138.
2, 10069
What are the prime factors of 3977?
41, 97
What are the prime factors of 4398?
2, 3, 733
What are the prime factors of 12782?
2, 7, 11, 83
What are the prime factors of 24869?
13, 1913
What are the prime factors of 920